on factor of a and y.
15
Let g be (-6)/(-4) - (57/(-2))/1. Calculate the highest common factor of 50 and g.
10
Suppose 4*g - 36 - 20 = 0. Calculate the highest common factor of 42 and g.
14
Suppose 5*j = 3*w - 8, -5 = -2*w - 3*j + 6*j. Let c = 16 - 13. Calculate the highest common divisor of c and w.
1
Let i = -48 - -82. Suppose 3*q + 60 = 3*o, q + 31 = 2*o + 2*q. Calculate the highest common divisor of i and o.
17
Let n = -2 + 42. Suppose -3*v = -2*z + 4 + 4, -5*v - 12 = -3*z. Suppose y + z*y = n. Calculate the greatest common factor of y and 4.
4
Let g be -1*(-4)/1*1. What is the highest common factor of 6 and g?
2
Let m(i) = -7*i**2 + 8*i - 2. Let f(y) = y**2 - y + 1. Let w(x) = -5*f(x) - m(x). Let j be w(6). Calculate the highest common divisor of j and 34.
17
Let g = 5 - -72. What is the highest common factor of 7 and g?
7
Suppose 3*y + 5*h - 7 = 0, 3*h + 13 = 3*y + 2*h. What is the greatest common factor of y and 28?
4
Let a(m) = m**2 - 7*m - 10. Suppose -2*f + 5*u + 24 = 0, 3*f - 2*f = 3*u + 12. Let z = f + -3. Let r be a(z). What is the greatest common factor of 20 and r?
4
Let i(h) = -h**2 + 8*h - 4. Let w be i(7). Suppose 3*b + b - 58 = -3*d, -w*b - 44 = -4*d. What is the highest common factor of 56 and d?
14
Let j be 70/5*1/2. What is the highest common factor of 7 and j?
7
Suppose -a = 3*d - 119, 4*a - 203 = 3*d - 8*d. What is the highest common factor of 26 and d?
13
Let i be 5/2*-7*-2. Suppose -88 = -2*q - 2*q. Suppose -u = 4, 0 = 2*c - 4*u - 8 - q. Calculate the greatest common divisor of i and c.
7
Suppose -r + 3 = -1. Let l = r + 2. Let w = 142 + -94. Calculate the greatest common divisor of l and w.
6
Let x(g) = g - 1. Let q be x(9). Let w be 10/q*(1 - -47). Let z(n) = 7*n - 1. Let d be z(1). Calculate the highest common factor of d and w.
6
Let m = -13 - -26. Suppose v + 2*v = 9. Suppose 467 = 4*a - r, -v*a = -2*r - r - 348. Calculate the highest common divisor of m and a.
13
Let u(z) = -z**3 - 14*z**2 + 9*z + 21. Let k be u(-14). Let o be 7/(k/(-6))*60. What is the greatest common factor of o and 72?
24
Suppose 3*p - 233 + 23 = 4*b, -p - 2*b = -70. What is the highest common divisor of p and 14?
14
Let v be (-21)/(-2)*12/9. Suppose -4*i - v + 2 = 0, b - 22 = 3*i. What is the highest common factor of 13 and b?
13
Let v be ((-2)/5)/((-4)/(-20)). Let k = -6 + 10. Let h = k - v. What is the greatest common divisor of 9 and h?
3
Suppose -4 = 4*f - 28. Let o = f - -9. Suppose -3*a + 12 = -m, 3*m + 1 = 3*a - a. Calculate the highest common divisor of a and o.
5
Suppose -6*r = 3*r - 450. What is the highest common factor of 40 and r?
10
Let j be (3 + 17)*(4 - 2). Let g(h) = 2*h + 2. Let t be g(3). Calculate the highest common factor of j and t.
8
Let a = -43 + 67. Calculate the greatest common divisor of 36 and a.
12
Suppose -4*l = -16, 272 = 8*i - 4*i + 3*l. Calculate the greatest common factor of i and 13.
13
Let x = -5 + 9. Suppose -2*u + q + 12 = 0, 30 = 5*u + 7*q - 2*q. Let y be (-168)/(-18)*u/x. What is the greatest common factor of y and 7?
7
Let a = 43 - 27. Let k = a - -29. Suppose -q + 19 = -k. Calculate the greatest common divisor of 8 and q.
8
Let k = 1 + 0. Let i(b) = -b**2 - 8*b + 10. Let y be i(-9). Calculate the greatest common factor of k and y.
1
Let k = 2 - -34. Let r = -14 - -32. Let i = k - r. What is the greatest common factor of i and 198?
18
Suppose -b - b + 230 = 0. What is the highest common divisor of 23 and b?
23
Let a be (-14)/3*((-8)/16 + -1). Suppose 3*i - 41 = -2*y, i - 2*i = 2*y - 51. Calculate the highest common factor of a and y.
7
Let j(t) = 4*t - 10. Let h be j(5). Calculate the greatest common divisor of h and 4.
2
Let m(l) = l**3 - 10*l**2 + 2*l. Suppose -4*d = 5*t - 2 - 18, 5*d - 34 = -4*t. Let j be m(d). Calculate the highest common factor of j and 20.
20
Let z = 97 - -233. What is the greatest common divisor of 30 and z?
30
Suppose p = 2*l - 32, 0 = -5*l - p + 20 + 60. Suppose l = c + c. What is the highest common divisor of c and 12?
4
Suppose s = -0*l + 3*l + 8, 0 = 4*l - 8. Calculate the highest common factor of s and 7.
7
Suppose 0 = -5*p - 31 + 76. Let t = 10 - p. Calculate the greatest common divisor of t and 8.
1
Suppose i - 2 = 22. What is the highest common factor of 264 and i?
24
Let h(g) be the third derivative of 49*g**5/60 - g**3/6 - 3*g**2. Let r be h(-1). What is the highest common divisor of 16 and r?
16
Suppose 0*x + 220 = 5*x. Calculate the highest common divisor of 11 and x.
11
Let y = 3 - -31. What is the greatest common factor of y and 85?
17
Suppose -2*w + 4*w = 5*x + 9, 0 = -2*x + 5*w + 9. Let i be (x/2)/((-1)/26). What is the greatest common divisor of i and 13?
13
Let f(n) = -n**3 - 4*n**2 - 3*n - 2. Let v be f(-3). Let x = 2 - v. Let a(d) = -3*d - 7. Let s be a(-5). Calculate the highest common factor of x and s.
4
Let u = 205 + -133. Calculate the highest common factor of u and 24.
24
Let a(t) = -6*t**3 - 2*t**2 - 3*t + 4. Let o(q) = q**3 - 1. Let r(l) = a(l) + 5*o(l). Let m be r(-3). Calculate the highest common factor of 51 and m.
17
Let j(a) = a**3 + a**2 - 5*a + 2. Let z be j(4). Calculate the greatest common divisor of z and 93.
31
Suppose 10 = l + 4*o, 5 = 2*o + 1. Calculate the highest common divisor of l and 2.
2
Suppose 294 = 2*v + 5*v. Calculate the greatest common divisor of v and 6.
6
Suppose -4*l = -3*f + 5*f - 32, -f + 4*l = 8. Suppose 0*s + 4*s + f = 0. Let p be ((-1)/s)/(1/38). Calculate the greatest common divisor of 57 and p.
19
Suppose 2*h + 72 = 4*h. What is the highest common divisor of 9 and h?
9
Suppose -610 = -g + 6*g. Let s be (-1)/6 + g/(-12). What is the highest common divisor of s and 110?
10
Let o = 66 - 45. What is the highest common divisor of o and 3?
3
Let q = 48 - 39. What is the highest common factor of 72 and q?
9
Suppose 0 = -3*p - 4*r + 48, 4*p - 4*r + r - 39 = 0. Let f be 82/(-1) - (2 + -3). Let v be (-2934)/f - 2/9. Calculate the highest common divisor of v and p.
12
Let i be (-39 - -47) + (-1)/(-1)*-1. What is the greatest common divisor of i and 21?
7
Let l be (3 + -2)/3*15. Suppose 4*t - 4*w - w = -579, l*w - 15 = 0. Let m be t/(-12) + (-3)/(-12). What is the highest common factor of 4 and m?
4
Let c be (-65)/((-5)/5 + 0). Calculate the highest common divisor of 26 and c.
13
Let o be -3 - (3 + -32 + 1). Suppose -v = -4*k - o, 0 = -2*v + 5*k + 65 - 18. What is the highest common divisor of v and 14?
7
Suppose -2*c = -2*q - 5*c - 28, -c = -4*q - 28. Let a(s) = -9*s - 12. Let f be a(q). Calculate the greatest common divisor of f and 24.
12
Suppose -22 + 97 = 5*p. What is the highest common factor of 15 and p?
15
Suppose -5*l = 20, 3*v - 4*l = l + 242. Suppose -5*g + 524 = v. Suppose -11 + 31 = 2*h. Calculate the highest common factor of h and g.
10
Let q = -64 + 95. Suppose 3*h - q = 161. Suppose f + 5*o - 2*o = 0, 4*f = 4*o + h. Calculate the highest common divisor of 84 and f.
12
Suppose 0 = n + 3, -n + 18 + 35 = 4*s. Let r = 88 - 86. What is the highest common divisor of r and s?
2
Suppose t = 5*t - 40. Calculate the greatest common factor of 60 and t.
10
Suppose x + 2*x = -4*a - 6, 3*a + 9 = 0. Let g be 4*1*115/5. Suppose 2*h - g = -x*h. Calculate the highest common divisor of 46 and h.
23
Let k be (0 - 3)*(-4)/(-3). Let x be (-186)/(-14) - k/(-14). Let p = -51 + 116. Calculate the highest common divisor of p and x.
13
Suppose 1217 = 3*c - 13291. Let d = 9624 - c. Let k be (-2)/(-5) + d/30. Calculate the greatest common divisor of k and 20.
20
Let y(v) = -2*v**3 - 5*v**2 + 10*v - 10. Let s be y(-7). Calculate the highest common divisor of s and 19.
19
Suppose 2*m + 400 = 12*m. Calculate the highest common factor of m and 50.
10
Suppose 6 + 6 = 6*v. Let c be v/((-4)/(-132)*2). Calculate the greatest common divisor of 22 and c.
11
Let a(r) = r**2 + 2*r. Suppose 7 = n - 1. Let c be n/20 - 36/(-10). Let h be a(c). What is the greatest common factor of h and 6?
6
Let i(q) = q**2 + 7*q + 6. Let m be i(-5). Let b(f) = 2*f**2 - f. Let j be b(m). Let y = 1 - -3. Calculate the greatest common factor of j and y.
4
Let a(y) = -40*y. Let s be a(-3). What is the highest common divisor of 15 and s?
15
Let m be 2/(2 + 15/(-6)). Let b be (-84)/(-10) + m/10. Let q be (-3)/((-6)/16*1). Calculate the greatest common divisor of q and b.